{"id":540,"date":"2021-07-15T00:31:53","date_gmt":"2021-07-14T22:31:53","guid":{"rendered":"http:\/\/villaidylla.pl\/?page_id=540"},"modified":"2021-08-13T23:01:31","modified_gmt":"2021-08-13T21:01:31","slug":"atrakcje","status":"publish","type":"page","link":"https:\/\/villaidylla.pl\/index.php\/atrakcje\/","title":{"rendered":"Przesieka"},"content":{"rendered":"\n<div class=\"wp-block-themeisle-blocks-advanced-columns alignfull has-1-columns has-desktop-equal-layout has-tablet-equal-layout has-mobile-equal-layout has-default-gap has-vertical-center\" id=\"wp-block-themeisle-blocks-advanced-columns-ff6d547e\"><div class=\"wp-block-themeisle-blocks-advanced-columns-overlay\"><\/div><div class=\"innerblocks-wrap\">\n<div class=\"wp-block-themeisle-blocks-advanced-column\" id=\"wp-block-themeisle-blocks-advanced-column-24d3ec74\">\n<h2 id=\"wp-block-themeisle-blocks-advanced-heading-1d78a798\" class=\"wp-block-themeisle-blocks-advanced-heading wp-block-themeisle-blocks-advanced-heading-1d78a798\">Atrakcje w Przesiece<\/h2>\n\n\n\n<h1 class=\"has-text-align-center has-white-color has-text-color wp-block-heading\">Karkonosze<br>to wielka przygoda<\/h1>\n\n\n\n<p><\/p>\n<\/div>\n<\/div><\/div>\n\n\n\n<div class=\"wp-block-themeisle-blocks-advanced-columns alignfull has-2-columns has-desktop-equal-layout has-tablet-equal-layout has-mobile-collapsedRows-layout has-default-gap has-vertical-center\" id=\"wp-block-themeisle-blocks-advanced-columns-29deaa35\"><div class=\"wp-block-themeisle-blocks-advanced-columns-overlay\"><\/div><div class=\"innerblocks-wrap\">\n<div class=\"wp-block-themeisle-blocks-advanced-column\" id=\"wp-block-themeisle-blocks-advanced-column-022bd936\">\n<h2 class=\"wp-block-heading\">Przesieka sercem Karkonoszy<\/h2>\n\n\n\n<h6 id=\"wp-block-themeisle-blocks-advanced-heading-ee10c8fc\" class=\"wp-block-themeisle-blocks-advanced-heading wp-block-themeisle-blocks-advanced-heading-ee10c8fc\"><strong>5 min do kilku szlak\u00f3w turystycznych  |  5 min do wodospadu Podg\u00f3rnej<\/strong><\/h6>\n\n\n\n<p>G\u00f3ry Karkonosze &#8211; to jedne z najbardziej malowniczych zak\u0105tk\u00f3w Polski. Przesieka natomiast b\u0119d\u0105c pomi\u0119dzy Karpaczem a Szklarsk\u0105 Por\u0119b\u0105 stanowi doskona\u0142\u0105 baz\u0119 wypadow\u0105 zar\u00f3wno w g\u00f3ry, jak i do innych ciekawych i magicznych miejsc. Ogromny wachlarz atrakcji w samej Przesiece przyci\u0105ga ka\u017cdego roku rzesze turyst\u00f3w. Prawdziwe pere\u0142ki ukryte s\u0105 w g\u0142\u0119bi g\u00f3r, w lesie, w miejscach mniej oczywistych, rzadziej odwiedzanych. Mo\u017ce ty odnajdziesz g\u0142az mi\u0142o\u015bci w kszta\u0142cie serca niedaleko wodospadu?<\/p>\n<\/div>\n\n\n\n<div class=\"wp-block-themeisle-blocks-advanced-column\" id=\"wp-block-themeisle-blocks-advanced-column-679b0f4c\">\n<div class=\"wp-block-image is-style-default\"><figure class=\"aligncenter size-large\"><img loading=\"lazy\" decoding=\"async\" width=\"1024\" height=\"576\" src=\"https:\/\/villaidylla.pl\/wp-content\/uploads\/2021\/08\/P2110251-1024x576.jpg\" alt=\"\" class=\"wp-image-818\" srcset=\"https:\/\/villaidylla.pl\/wp-content\/uploads\/2021\/08\/P2110251-1024x576.jpg 1024w, https:\/\/villaidylla.pl\/wp-content\/uploads\/2021\/08\/P2110251-300x169.jpg 300w, https:\/\/villaidylla.pl\/wp-content\/uploads\/2021\/08\/P2110251-768x432.jpg 768w, https:\/\/villaidylla.pl\/wp-content\/uploads\/2021\/08\/P2110251-1536x864.jpg 1536w, https:\/\/villaidylla.pl\/wp-content\/uploads\/2021\/08\/P2110251-2048x1152.jpg 2048w\" sizes=\"auto, (max-width: 1024px) 100vw, 1024px\" \/><\/figure><\/div>\n<\/div>\n<\/div><\/div>\n\n\n\n<div class=\"wp-block-themeisle-blocks-advanced-columns alignfull has-2-columns has-desktop-equal-layout has-tablet-equal-layout has-mobile-collapsedRows-layout has-default-gap has-vertical-center\" id=\"wp-block-themeisle-blocks-advanced-columns-f34ef810\"><div class=\"wp-block-themeisle-blocks-advanced-columns-overlay\"><\/div><div class=\"innerblocks-wrap\">\n<div class=\"wp-block-themeisle-blocks-advanced-column\" id=\"wp-block-themeisle-blocks-advanced-column-511bac85\">\n<figure class=\"wp-block-image size-large is-style-default\"><img loading=\"lazy\" decoding=\"async\" width=\"1024\" height=\"576\" src=\"https:\/\/villaidylla.pl\/wp-content\/uploads\/2021\/08\/P2110196-1024x576.jpg\" alt=\"\" class=\"wp-image-828\" srcset=\"https:\/\/villaidylla.pl\/wp-content\/uploads\/2021\/08\/P2110196-1024x576.jpg 1024w, https:\/\/villaidylla.pl\/wp-content\/uploads\/2021\/08\/P2110196-300x169.jpg 300w, https:\/\/villaidylla.pl\/wp-content\/uploads\/2021\/08\/P2110196-768x432.jpg 768w, https:\/\/villaidylla.pl\/wp-content\/uploads\/2021\/08\/P2110196-1536x864.jpg 1536w, https:\/\/villaidylla.pl\/wp-content\/uploads\/2021\/08\/P2110196-2048x1152.jpg 2048w\" sizes=\"auto, (max-width: 1024px) 100vw, 1024px\" \/><\/figure>\n<\/div>\n\n\n\n<div class=\"wp-block-themeisle-blocks-advanced-column\" id=\"wp-block-themeisle-blocks-advanced-column-dba555a6\">\n<h2 class=\"has-nv-text-dark-bg-color has-text-color wp-block-heading\">Nie ko\u0144cz\u0105ca si\u0119 opowie\u015b\u0107<\/h2>\n\n\n\n<h6 id=\"wp-block-themeisle-blocks-advanced-heading-75042c8e\" class=\"wp-block-themeisle-blocks-advanced-heading wp-block-themeisle-blocks-advanced-heading-75042c8e\"><strong>Ruiny zamku |  Wodospad Podg\u00f3rnej  |  Ogr\u00f3d Japo\u0144ski  |  Ko\u015bci\u00f3\u0142ek Wang<\/strong><\/h6>\n\n\n\n<p class=\"has-nv-text-dark-bg-color has-text-color\">to tylko kilka z wielu ciekawych miejsc w pobli\u017cu Przesieki.<br>W okolicy znajduj\u0105 si\u0119 stare bunkry, ruiny m\u0142yna, zamku, niedzia\u0142aj\u0105ce kopalnie jak i malownicze ko\u015bci\u00f3\u0142ki, lokalne rze\u017aby z drewna, historyczne obiekty architektoniczne jak zamki, dworki. Karkonosze to pi\u0119kno przyrody &#8211; wodospady, g\u00f3rskie strumyki, lasy sosnowe i dzikie g\u00f3rskie \u0142\u0105ki, to legendy, opowie\u015bci i historie zastyg\u0142e w ska\u0142ach, lasach i g\u00f3rskich schroniskach. <\/p>\n<\/div>\n<\/div><\/div>\n\n\n\n<div class=\"wp-block-themeisle-blocks-advanced-columns alignfull has-3-columns has-desktop-equal-layout has-tablet-equal-layout has-mobile-collapsedRows-layout has-default-gap has-vertical-unset\" id=\"wp-block-themeisle-blocks-advanced-columns-68d8fbb4\"><div class=\"wp-block-themeisle-blocks-advanced-columns-overlay\"><\/div><div class=\"innerblocks-wrap\">\n<div class=\"wp-block-themeisle-blocks-advanced-column\" id=\"wp-block-themeisle-blocks-advanced-column-b5be43c0\">\n<figure class=\"wp-block-image size-large is-style-default\"><img loading=\"lazy\" decoding=\"async\" width=\"2520\" height=\"2518\" src=\"https:\/\/villaidylla.pl\/wp-content\/uploads\/2021\/08\/P2110238-edited.jpg\" alt=\"Niebieski szlak Przesieka \u2013 Prze\u0142\u0119cz Karkonoska\n\" class=\"wp-image-870\" srcset=\"https:\/\/villaidylla.pl\/wp-content\/uploads\/2021\/08\/P2110238-edited.jpg 2520w, https:\/\/villaidylla.pl\/wp-content\/uploads\/2021\/08\/P2110238-edited-300x300.jpg 300w, https:\/\/villaidylla.pl\/wp-content\/uploads\/2021\/08\/P2110238-edited-1024x1024.jpg 1024w, https:\/\/villaidylla.pl\/wp-content\/uploads\/2021\/08\/P2110238-edited-150x150.jpg 150w, https:\/\/villaidylla.pl\/wp-content\/uploads\/2021\/08\/P2110238-edited-768x767.jpg 768w, https:\/\/villaidylla.pl\/wp-content\/uploads\/2021\/08\/P2110238-edited-1536x1536.jpg 1536w, https:\/\/villaidylla.pl\/wp-content\/uploads\/2021\/08\/P2110238-edited-2048x2046.jpg 2048w\" sizes=\"auto, (max-width: 2520px) 100vw, 2520px\" \/><\/figure>\n\n\n\n<h3 id=\"wp-block-themeisle-blocks-advanced-heading-0c6fc2c1\" class=\"wp-block-themeisle-blocks-advanced-heading wp-block-themeisle-blocks-advanced-heading-0c6fc2c1\"> Karkonoskie szlaki piesze <\/h3>\n\n\n\n<p class=\"has-text-align-center\">Wiele szlak\u00f3w zaczyna si\u0119 i przecina Przesiek\u0119, zielony, niebieski, \u017c\u00f3\u0142ty i czerwony. Mamy trasy w g\u00f3r\u0119, w d\u00f3\u0142 i w poziomie &#8211; rowerem lub pieszo, z kijkami lub bez. Wszystko zale\u017cy tylko od Ciebie. G\u00f3ry s\u0105 Twoje.<\/p>\n<\/div>\n\n\n\n<div class=\"wp-block-themeisle-blocks-advanced-column\" id=\"wp-block-themeisle-blocks-advanced-column-9c309a91\">\n<figure class=\"wp-block-image size-large is-style-default\"><img loading=\"lazy\" decoding=\"async\" width=\"1442\" height=\"1441\" src=\"https:\/\/villaidylla.pl\/wp-content\/uploads\/2021\/07\/P1290110-edited.jpg\" alt=\"Singletraki Olbrzymy - Przesieka\" class=\"wp-image-581\" srcset=\"https:\/\/villaidylla.pl\/wp-content\/uploads\/2021\/07\/P1290110-edited.jpg 1442w, https:\/\/villaidylla.pl\/wp-content\/uploads\/2021\/07\/P1290110-edited-300x300.jpg 300w, https:\/\/villaidylla.pl\/wp-content\/uploads\/2021\/07\/P1290110-edited-1024x1024.jpg 1024w, https:\/\/villaidylla.pl\/wp-content\/uploads\/2021\/07\/P1290110-edited-150x150.jpg 150w, https:\/\/villaidylla.pl\/wp-content\/uploads\/2021\/07\/P1290110-edited-768x767.jpg 768w\" sizes=\"auto, (max-width: 1442px) 100vw, 1442px\" \/><\/figure>\n\n\n\n<h3 id=\"wp-block-themeisle-blocks-advanced-heading-1443830f\" class=\"wp-block-themeisle-blocks-advanced-heading wp-block-themeisle-blocks-advanced-heading-1443830f\">Rowery elektryczne<\/h3>\n\n\n\n<div class=\"wp-block-group\"><div class=\"wp-block-group__inner-container is-layout-flow wp-block-group-is-layout-flow\">\n<p class=\"has-text-align-center\">Karkonosze to raj dla rowerzyst\u00f3w. 15min pieszo od Idylli znajduje si\u0119 szereg singletrack\u00f3w rowerowych. Olbrzymy to ponad 70km specjalnie przygotowanych tras tzw. singli rowerowych zar\u00f3wno dla \u015brednio-zaawansowanych i zaawansowanych rowerzyst\u00f3w. Dostarcz\u0105 Ci niez\u0142\u0105 dawk\u0119 emocji i adrenaliny na ca\u0142y dzie\u0144! Rowery mo\u017cecie te\u017c wypo\u017cyczy\u0107.<\/p>\n<\/div><\/div>\n<\/div>\n\n\n\n<div class=\"wp-block-themeisle-blocks-advanced-column\" id=\"wp-block-themeisle-blocks-advanced-column-0eb09e56\">\n<figure class=\"wp-block-image size-large is-style-default\"><img loading=\"lazy\" decoding=\"async\" width=\"500\" height=\"500\" src=\"https:\/\/villaidylla.pl\/wp-content\/uploads\/2021\/07\/pexels-photo-4708387-edited.jpeg\" alt=\"\u0107wiczenia jogi na polance w Villa Idylla w Przesiece\" class=\"wp-image-580\" srcset=\"https:\/\/villaidylla.pl\/wp-content\/uploads\/2021\/07\/pexels-photo-4708387-edited.jpeg 500w, https:\/\/villaidylla.pl\/wp-content\/uploads\/2021\/07\/pexels-photo-4708387-edited-300x300.jpeg 300w, https:\/\/villaidylla.pl\/wp-content\/uploads\/2021\/07\/pexels-photo-4708387-edited-150x150.jpeg 150w\" sizes=\"auto, (max-width: 500px) 100vw, 500px\" \/><\/figure>\n\n\n\n<h3 id=\"wp-block-themeisle-blocks-advanced-heading-431a091c\" class=\"wp-block-themeisle-blocks-advanced-heading wp-block-themeisle-blocks-advanced-heading-431a091c\">Joga \/ Taniec \/ Spotkania<\/h3>\n\n\n\n<p class=\"has-text-align-center\">Twoja grupa potrzebuje przestrzeni ? Mamy cos dla Was! &#8211; pi\u0119kn\u0105 trawiast\u0105 polank\u0119 &#8211; teren na wolnym powietrzu do zaj\u0119\u0107 np. Jogi i \u0107wicze\u0144 na wolnym powietrzu.<\/p>\n<\/div>\n<\/div><\/div>\n\n\n\n<div class=\"wp-block-themeisle-blocks-advanced-columns alignfull has-2-columns has-desktop-equal-layout has-tablet-equal-layout has-mobile-collapsedRows-layout has-default-gap has-vertical-unset\" id=\"wp-block-themeisle-blocks-advanced-columns-e7805376\"><div class=\"wp-block-themeisle-blocks-advanced-columns-overlay\"><\/div><div class=\"innerblocks-wrap\">\n<div class=\"wp-block-themeisle-blocks-advanced-column\" id=\"wp-block-themeisle-blocks-advanced-column-b14a5c91\">\n<h2 class=\"has-nv-text-dark-bg-color has-text-color wp-block-heading\">Zamek Chojnik<\/h2>\n\n\n\n<p class=\"has-white-color has-text-color\">Zamek,&nbsp;a raczej jego ruiny i mury, usytuowany jest blisko Jeleniej G\u00f3ry-Sobieszowa, na szczycie&nbsp;g\u00f3ry Chojnik&nbsp;w&nbsp;Karkonoszach. Sama g\u00f3ra wznosi si\u0119 na wysoko\u015b\u0107 627 metr\u00f3w n.p.m., a od jej po\u0142udniowo-wschodniej strony znajduje si\u0119 150-metrowe&nbsp;urwisko&nbsp;opadaj\u0105ce do tzw. Piekielnej Doliny doj\u015bcie do ruin Zamku Chojnik z Idylli zajmuje ok 1h:45min (7.5km)<\/p>\n<\/div>\n\n\n\n<div class=\"wp-block-themeisle-blocks-advanced-column\" id=\"wp-block-themeisle-blocks-advanced-column-be74a88a\"><\/div>\n<\/div><\/div>\n\n\n\n<div class=\"wp-block-themeisle-blocks-advanced-columns alignfull has-1-columns has-desktop-equal-layout has-tablet-equal-layout has-mobile-equal-layout has-default-gap has-vertical-unset\" id=\"wp-block-themeisle-blocks-advanced-columns-069142d6\"><div class=\"wp-block-themeisle-blocks-advanced-columns-overlay\"><\/div><div class=\"innerblocks-wrap\">\n<div class=\"wp-block-themeisle-blocks-advanced-column\" id=\"wp-block-themeisle-blocks-advanced-column-c94ce6dd\">\n<h3 id=\"wp-block-themeisle-blocks-advanced-heading-85506e04\" class=\"wp-block-themeisle-blocks-advanced-heading wp-block-themeisle-blocks-advanced-heading-85506e04\">CISZA, SPOK\u00d3J, RELAKS<\/h3>\n\n\n\n<h2 class=\"has-text-align-center wp-block-heading\">Przesieka i Karkonosze<\/h2>\n<\/div>\n<\/div><\/div>\n\n\n\n<div class=\"wp-block-themeisle-blocks-advanced-columns alignfull has-4-columns has-desktop-equal-layout has-tablet-equal-layout has-mobile-collapsedRows-layout has-default-gap has-vertical-unset\" id=\"wp-block-themeisle-blocks-advanced-columns-c8e12192\"><div class=\"wp-block-themeisle-blocks-advanced-columns-overlay\"><\/div><div class=\"innerblocks-wrap\">\n<div class=\"wp-block-themeisle-blocks-advanced-column\" id=\"wp-block-themeisle-blocks-advanced-column-828b9838\">\n<div class=\"wp-block-image\"><figure class=\"aligncenter size-large\"><img loading=\"lazy\" decoding=\"async\" width=\"407\" height=\"408\" src=\"https:\/\/villaidylla.pl\/wp-content\/uploads\/2021\/07\/istockphoto-1183622112-612x612-2-edited.jpg\" alt=\"\" class=\"wp-image-570\" srcset=\"https:\/\/villaidylla.pl\/wp-content\/uploads\/2021\/07\/istockphoto-1183622112-612x612-2-edited.jpg 407w, https:\/\/villaidylla.pl\/wp-content\/uploads\/2021\/07\/istockphoto-1183622112-612x612-2-edited-300x300.jpg 300w, https:\/\/villaidylla.pl\/wp-content\/uploads\/2021\/07\/istockphoto-1183622112-612x612-2-edited-150x150.jpg 150w\" sizes=\"auto, (max-width: 407px) 100vw, 407px\" \/><figcaption>Wczesna jesie\u0144 w G\u00f3rach Olbrzymich<\/figcaption><\/figure><\/div>\n<\/div>\n\n\n\n<div class=\"wp-block-themeisle-blocks-advanced-column\" id=\"wp-block-themeisle-blocks-advanced-column-85ec7624\">\n<div class=\"wp-block-image\"><figure class=\"aligncenter size-large\"><img loading=\"lazy\" decoding=\"async\" width=\"405\" height=\"405\" src=\"https:\/\/villaidylla.pl\/wp-content\/uploads\/2021\/07\/istockphoto-969112256-612x612-1-edited.jpg\" alt=\"\" class=\"wp-image-569\" srcset=\"https:\/\/villaidylla.pl\/wp-content\/uploads\/2021\/07\/istockphoto-969112256-612x612-1-edited.jpg 405w, https:\/\/villaidylla.pl\/wp-content\/uploads\/2021\/07\/istockphoto-969112256-612x612-1-edited-300x300.jpg 300w, https:\/\/villaidylla.pl\/wp-content\/uploads\/2021\/07\/istockphoto-969112256-612x612-1-edited-150x150.jpg 150w\" sizes=\"auto, (max-width: 405px) 100vw, 405px\" \/><figcaption>Pancava wodospad po stronie czeskiej Karkonoszy<\/figcaption><\/figure><\/div>\n<\/div>\n\n\n\n<div class=\"wp-block-themeisle-blocks-advanced-column\" id=\"wp-block-themeisle-blocks-advanced-column-6076247e\">\n<div class=\"wp-block-image\"><figure class=\"aligncenter size-large\"><img loading=\"lazy\" decoding=\"async\" width=\"408\" height=\"407\" src=\"https:\/\/villaidylla.pl\/wp-content\/uploads\/2021\/07\/istockphoto-465482737-612x612-1-edited.jpg\" alt=\"\" class=\"wp-image-571\" srcset=\"https:\/\/villaidylla.pl\/wp-content\/uploads\/2021\/07\/istockphoto-465482737-612x612-1-edited.jpg 408w, https:\/\/villaidylla.pl\/wp-content\/uploads\/2021\/07\/istockphoto-465482737-612x612-1-edited-300x300.jpg 300w, https:\/\/villaidylla.pl\/wp-content\/uploads\/2021\/07\/istockphoto-465482737-612x612-1-edited-150x150.jpg 150w\" sizes=\"auto, (max-width: 408px) 100vw, 408px\" \/><figcaption>G\u0142\u00f3wny szlak Karkonoszy &#8211; widok w kierunku r\u00f3wniny pod \u015anie\u017ck\u0105<\/figcaption><\/figure><\/div>\n<\/div>\n\n\n\n<div class=\"wp-block-themeisle-blocks-advanced-column\" id=\"wp-block-themeisle-blocks-advanced-column-a2d3bb28\">\n<div class=\"wp-block-image\"><figure class=\"aligncenter size-large\"><img loading=\"lazy\" decoding=\"async\" width=\"407\" height=\"408\" src=\"https:\/\/villaidylla.pl\/wp-content\/uploads\/2021\/07\/istockphoto-869363698-612x612-1-edited.jpg\" alt=\"\" class=\"wp-image-572\" srcset=\"https:\/\/villaidylla.pl\/wp-content\/uploads\/2021\/07\/istockphoto-869363698-612x612-1-edited.jpg 407w, https:\/\/villaidylla.pl\/wp-content\/uploads\/2021\/07\/istockphoto-869363698-612x612-1-edited-300x300.jpg 300w, https:\/\/villaidylla.pl\/wp-content\/uploads\/2021\/07\/istockphoto-869363698-612x612-1-edited-150x150.jpg 150w\" sizes=\"auto, (max-width: 407px) 100vw, 407px\" \/><figcaption>Norweski drewniany ko\u015bci\u00f3\u0142 WANG<\/figcaption><\/figure><\/div>\n<\/div>\n<\/div><\/div>\n\n\n\n<div class=\"wp-block-themeisle-blocks-advanced-columns alignfull has-1-columns has-desktop-equal-layout has-tablet-equal-layout has-mobile-equal-layout has-nogap-gap has-vertical-unset\" id=\"wp-block-themeisle-blocks-advanced-columns-3fc935e1\"><div class=\"wp-block-themeisle-blocks-advanced-columns-overlay\"><\/div><div class=\"innerblocks-wrap\">\n<div class=\"wp-block-themeisle-blocks-advanced-column\" id=\"wp-block-themeisle-blocks-advanced-column-357386ce\">\n<p><\/p>\n\n\n\n<h3 class=\"has-text-align-center has-nv-site-bg-color has-text-color has-large-font-size wp-block-heading\">VILLA IDYLLA<br>do zobaczenia<\/h3>\n<\/div>\n<\/div><\/div>\n\n\n\n<div class=\"wp-block-buttons is-content-justification-right is-layout-flex wp-block-buttons-is-layout-flex\"><\/div>\n\n\n\n<p><\/p>\n","protected":false},"excerpt":{"rendered":"","protected":false},"author":1,"featured_media":0,"parent":0,"menu_order":0,"comment_status":"closed","ping_status":"closed","template":"page-templates\/template-pagebuilder-full-width.php","meta":{"om_disable_all_campaigns":false,"_monsterinsights_skip_tracking":false,"_monsterinsights_sitenote_active":false,"_monsterinsights_sitenote_note":"","_monsterinsights_sitenote_category":0,"neve_meta_sidebar":"full-width","neve_meta_container":"","neve_meta_enable_content_width":"on","neve_meta_content_width":100,"neve_meta_title_alignment":"left","neve_meta_author_avatar":"","neve_post_elements_order":"","neve_meta_disable_header":"off","neve_meta_disable_footer":"off","neve_meta_disable_title":"off","_themeisle_gutenberg_block_has_review":false,"footnotes":""},"class_list":["post-540","page","type-page","status-publish","hentry"],"aioseo_notices":[],"_links":{"self":[{"href":"https:\/\/villaidylla.pl\/index.php\/wp-json\/wp\/v2\/pages\/540","targetHints":{"allow":["GET"]}}],"collection":[{"href":"https:\/\/villaidylla.pl\/index.php\/wp-json\/wp\/v2\/pages"}],"about":[{"href":"https:\/\/villaidylla.pl\/index.php\/wp-json\/wp\/v2\/types\/page"}],"author":[{"embeddable":true,"href":"https:\/\/villaidylla.pl\/index.php\/wp-json\/wp\/v2\/users\/1"}],"replies":[{"embeddable":true,"href":"https:\/\/villaidylla.pl\/index.php\/wp-json\/wp\/v2\/comments?post=540"}],"version-history":[{"count":25,"href":"https:\/\/villaidylla.pl\/index.php\/wp-json\/wp\/v2\/pages\/540\/revisions"}],"predecessor-version":[{"id":1001,"href":"https:\/\/villaidylla.pl\/index.php\/wp-json\/wp\/v2\/pages\/540\/revisions\/1001"}],"wp:attachment":[{"href":"https:\/\/villaidylla.pl\/index.php\/wp-json\/wp\/v2\/media?parent=540"}],"curies":[{"name":"wp","href":"https:\/\/api.w.org\/{rel}","templated":true}]}}