{"id":245,"date":"2020-02-17T08:15:18","date_gmt":"2020-02-17T08:15:18","guid":{"rendered":"https:\/\/demosites.io\/vacantion-rental-gb\/?page_id=245"},"modified":"2022-07-06T14:32:49","modified_gmt":"2022-07-06T12:32:49","slug":"0f1ae-contact","status":"publish","type":"page","link":"https:\/\/villaidylla.pl\/index.php\/0f1ae-contact\/","title":{"rendered":"Kontakt"},"content":{"rendered":"\n<div class=\"wp-block-themeisle-blocks-advanced-columns alignfull has-1-columns has-desktop-equal-layout has-tablet-equal-layout has-mobile-equal-layout has-default-gap has-vertical-center\" id=\"wp-block-themeisle-blocks-advanced-columns-79322534\"><div class=\"wp-block-themeisle-blocks-advanced-columns-overlay\"><\/div><div class=\"innerblocks-wrap\">\n<div class=\"wp-block-themeisle-blocks-advanced-column\" id=\"wp-block-themeisle-blocks-advanced-column-87c1d975\">\n<h2 id=\"wp-block-themeisle-blocks-advanced-heading-558403ce\" class=\"wp-block-themeisle-blocks-advanced-heading wp-block-themeisle-blocks-advanced-heading-558403ce\">MASZ PYTANIA?<\/h2>\n\n\n\n<h1 class=\"has-text-align-center has-white-color has-text-color wp-block-heading\">Napisz do nas<\/h1>\n<\/div>\n<\/div><\/div>\n\n\n\n<div class=\"wp-block-themeisle-blocks-advanced-columns alignfull has-1-columns has-desktop-equal-layout has-tablet-equal-layout has-mobile-equal-layout has-default-gap has-vertical-unset\" id=\"wp-block-themeisle-blocks-advanced-columns-041ce450\"><div class=\"wp-block-themeisle-blocks-advanced-columns-overlay\"><\/div><div class=\"innerblocks-wrap\">\n<div class=\"wp-block-themeisle-blocks-advanced-column\" id=\"wp-block-themeisle-blocks-advanced-column-4949e345\">\n<hr class=\"wp-block-separator has-text-color has-nv-c-1-color has-css-opacity has-nv-c-1-background-color has-background\"\/>\n\n\n\n<div style=\"height:20px\" aria-hidden=\"true\" class=\"wp-block-spacer\"><\/div>\n\n\n\n<p class=\"has-text-align-center\">Napisz do nas lub skontaktuj si\u0119 z nasz\u0105 recepcj\u0105 pod nr <em>+48 606 353 635<\/em><br>Wy\u015blij nam wiadomo\u015b\u0107 &#8211; <a href=\"mailto:villaidylla@op.pl\" target=\"_blank\" rel=\"noreferrer noopener\">villaidylla@op.pl<\/a><\/p>\n\n\n\n<div style=\"height:20px\" aria-hidden=\"true\" class=\"wp-block-spacer\"><\/div>\n\n\n\n<div id=\"wp-block-themeisle-blocks-button-group-dbf45671\" class=\"wp-block-themeisle-blocks-button-group wp-block-buttons align-center ticss-acf829d8\">\n<div id=\"wp-block-themeisle-blocks-button-1e9d615a\" class=\"wp-block-themeisle-blocks-button wp-block-button\"><a href=\"https:\/\/www.facebook.com\/Villa-Idylla-Karkonosze-105286908463737\" target=\"_blank\" rel=\"noopener noreferrer\" class=\"wp-block-button__link\"><i class=\"fab fa-fw fa-facebook\"><\/i><\/a><\/div>\n\n\n\n<div id=\"wp-block-themeisle-blocks-button-30120c6d\" class=\"wp-block-themeisle-blocks-button wp-block-button\"><a href=\"\" target=\"_self\" rel=\"noopener noreferrer\" class=\"wp-block-button__link\"><i class=\"fab fa-fw fa-instagram\"><\/i><\/a><\/div>\n\n\n\n<div id=\"wp-block-themeisle-blocks-button-694a5985\" class=\"wp-block-themeisle-blocks-button wp-block-button\"><a href=\"\" target=\"_blank\" rel=\"noopener noreferrer\" class=\"wp-block-button__link\"><i class=\"far fa-fw fa-envelope\"><\/i><\/a><\/div>\n\n\n\n<div id=\"wp-block-themeisle-blocks-button-14c5864e\" class=\"wp-block-themeisle-blocks-button wp-block-button\"><a href=\"\" target=\"_blank\" rel=\"noopener noreferrer\" class=\"wp-block-button__link\"><i class=\"fab fa-fw fa-google-plus-g\"><\/i><\/a><\/div>\n<\/div>\n<\/div>\n<\/div><\/div>\n\n\n\n<div class=\"wp-block-themeisle-blocks-advanced-columns alignfull has-2-columns has-desktop-equal-layout has-tablet-equal-layout has-mobile-collapsedRows-layout has-default-gap has-vertical-unset\" id=\"wp-block-themeisle-blocks-advanced-columns-0cc54891\"><div class=\"wp-block-themeisle-blocks-advanced-columns-overlay\"><\/div><div class=\"innerblocks-wrap\">\n<div class=\"wp-block-themeisle-blocks-advanced-column\" id=\"wp-block-themeisle-blocks-advanced-column-fae11b7d\">\n<h2 id=\"wp-block-themeisle-blocks-advanced-heading-40a9abf7\" class=\"wp-block-themeisle-blocks-advanced-heading wp-block-themeisle-blocks-advanced-heading-40a9abf7\"><\/h2>\n\n\n\n<h2 id=\"wp-block-themeisle-blocks-advanced-heading-ed7107cf\" class=\"wp-block-themeisle-blocks-advanced-heading wp-block-themeisle-blocks-advanced-heading-ed7107cf\">Jak nas znale\u017a\u0107<\/h2>\n\n\n\n<p class=\"has-neve-text-color-color has-text-color\">Karkonosze<\/p>\n\n\n\n<h3 id=\"wp-block-themeisle-blocks-advanced-heading-e25d1b51\" class=\"wp-block-themeisle-blocks-advanced-heading wp-block-themeisle-blocks-advanced-heading-e25d1b51\">Droga Turystyczna 10, 58-563 Przesieka<\/h3>\n\n\n\n<p>&#8211; 15 KM od Jeleniej G\u00f3ry , &#8211; 1h do Zgorzelca,<br>&#8211; 5 min od wodospadu podg\u00f3rnej<\/p>\n\n\n\n<hr class=\"wp-block-separator has-text-color has-css-opacity has-background is-style-wide\" style=\"background-color:#e8e8e8;color:#e8e8e8\"\/>\n\n\n\n<h3 id=\"wp-block-themeisle-blocks-advanced-heading-b40a282d\" class=\"wp-block-themeisle-blocks-advanced-heading wp-block-themeisle-blocks-advanced-heading-b40a282d\">RECEPCJA<\/h3>\n\n\n\n<p class=\"has-neve-text-color-color has-text-color\">Tel: +48 606 353 635<br>e-mail: <a href=\"mailto:villaidylla@op.pl\" target=\"_blank\" rel=\"noreferrer noopener\">villaidylla@op.pl<\/a><\/p>\n\n\n\n<p><\/p>\n\n\n\n<h3 id=\"wp-block-themeisle-blocks-advanced-heading-cd2b633b\" class=\"wp-block-themeisle-blocks-advanced-heading wp-block-themeisle-blocks-advanced-heading-cd2b633b\">Numer konta do wp\u0142at:<\/h3>\n\n\n\n<p>nr konta: <strong>61 1020 3121 0000 6802 0089 8890<\/strong><\/p>\n\n\n\n<p>W tytule przelewu: IDYLLA oraz nazwisko<\/p>\n<\/div>\n\n\n\n<div class=\"wp-block-themeisle-blocks-advanced-column\" id=\"wp-block-themeisle-blocks-advanced-column-2d002a6d\">\n<h2 id=\"wp-block-themeisle-blocks-advanced-heading-b3421fdc\" class=\"wp-block-themeisle-blocks-advanced-heading wp-block-themeisle-blocks-advanced-heading-b3421fdc\">VILLA IDYLLA<\/h2>\n\n\n\n<h2 id=\"wp-block-themeisle-blocks-advanced-heading-5824877a\" class=\"wp-block-themeisle-blocks-advanced-heading wp-block-themeisle-blocks-advanced-heading-5824877a\">Droga Turystyczna 10, 58-563 Przesieka<\/h2>\n<\/div>\n<\/div><\/div>\n\n\n\n<p><\/p>\n","protected":false},"excerpt":{"rendered":"","protected":false},"author":1,"featured_media":0,"parent":0,"menu_order":0,"comment_status":"closed","ping_status":"closed","template":"page-templates\/template-pagebuilder-full-width.php","meta":{"om_disable_all_campaigns":false,"_monsterinsights_skip_tracking":false,"_monsterinsights_sitenote_active":false,"_monsterinsights_sitenote_note":"","_monsterinsights_sitenote_category":0,"neve_meta_sidebar":"full-width","neve_meta_container":"","neve_meta_enable_content_width":"on","neve_meta_content_width":100,"neve_meta_title_alignment":"","neve_meta_author_avatar":"","neve_post_elements_order":"","neve_meta_disable_header":"","neve_meta_disable_footer":"","neve_meta_disable_title":"","_themeisle_gutenberg_block_has_review":false,"footnotes":""},"class_list":["post-245","page","type-page","status-publish","hentry"],"aioseo_notices":[],"_links":{"self":[{"href":"https:\/\/villaidylla.pl\/index.php\/wp-json\/wp\/v2\/pages\/245","targetHints":{"allow":["GET"]}}],"collection":[{"href":"https:\/\/villaidylla.pl\/index.php\/wp-json\/wp\/v2\/pages"}],"about":[{"href":"https:\/\/villaidylla.pl\/index.php\/wp-json\/wp\/v2\/types\/page"}],"author":[{"embeddable":true,"href":"https:\/\/villaidylla.pl\/index.php\/wp-json\/wp\/v2\/users\/1"}],"replies":[{"embeddable":true,"href":"https:\/\/villaidylla.pl\/index.php\/wp-json\/wp\/v2\/comments?post=245"}],"version-history":[{"count":24,"href":"https:\/\/villaidylla.pl\/index.php\/wp-json\/wp\/v2\/pages\/245\/revisions"}],"predecessor-version":[{"id":1187,"href":"https:\/\/villaidylla.pl\/index.php\/wp-json\/wp\/v2\/pages\/245\/revisions\/1187"}],"wp:attachment":[{"href":"https:\/\/villaidylla.pl\/index.php\/wp-json\/wp\/v2\/media?parent=245"}],"curies":[{"name":"wp","href":"https:\/\/api.w.org\/{rel}","templated":true}]}}